factors of a.
2
Suppose -4*l + 0*l = -8. Suppose k - l*k + 23 = 4*v, -5*v + 15 = 0. List the prime factors of k.
11
Suppose 0 = 2*d - d - 5. Let f = d - 2. Suppose 2*w - 4*b = 0, -b = -2 - f. List the prime factors of w.
2, 5
Suppose -4*m + 4 = -52. Let f(n) = n**2 - 12*n + 8. List the prime factors of f(m).
2, 3
Let o(z) = 2*z - 2. Let p be o(3). What are the prime factors of (-12)/p + 11 + -2?
2, 3
Let r be 3/(-12) - 165/12. Suppose -4*h - h = 0, -h = -i + 20. Let x = i + r. List the prime factors of x.
2, 3
Suppose -2*z = -0*z - 10. Suppose -4*n - 1 = z*b, b + n - 5*n - 19 = 0. List the prime factors of b.
3
Let j = 33 - -13. List the prime factors of j.
2, 23
Suppose 121 = 5*g - 164. Suppose 8*b = 5*b + g. List the prime factors of b.
19
Suppose 2*y = -3*y + 10. What are the prime factors of y?
2
Suppose 0*u + 10 = 5*u. Suppose 0*w = u*w - 46. Suppose -10 = -3*f + w. What are the prime factors of f?
11
Let q(d) = 9*d + 1. What are the prime factors of q(2)?
19
Let v(z) = 3*z - 4*z + 2*z + 4. Let c(h) = -h**2 + 6*h - 5. Let u be c(4). What are the prime factors of v(u)?
7
Let u be (-1 - -4)*(0 + 3). Let g be 38/10 + (-3)/(-15). Let f = u - g. List the prime factors of f.
5
Let q be 3/(-6) + (-10)/4. Let p = 1 + q. What are the prime factors of (19/p)/((-3)/6)?
19
Suppose -i + 3 = -2*i + 5*d, 0 = 4*i - 3*d - 5. Let m(u) = i + 2 - 6 + 3*u**2. What are the prime factors of m(2)?
2, 5
Suppose 3*l - 4*o - 92 = -l, 3*l = 5*o + 67. Let j = -17 + l. List the prime factors of j.
7
Let w = 40 + -18. Let t = -9 + w. List the prime factors of t.
13
Let o(p) = p**2 + p + 7. What are the prime factors of o(5)?
37
What are the prime factors of 118 + ((-1)/(-3))/((-3)/(-9))?
7, 17
Suppose -q + 4*q = 0. Suppose q = 5*k - 26 - 29. What are the prime factors of k?
11
Let l(y) = 7*y**2 - y. Suppose 0 = -3*v + 5*v + 2. List the prime factors of l(v).
2
Let b be (-2)/4 - (-77)/14. Suppose -4 + 1 = s, -3*s - b = o. What are the prime factors of o?
2
Suppose r = 2*r - 4*m, -5*r - 2*m = -44. What are the prime factors of r?
2
Let l(d) = -d - 3. Let o be l(-4). Suppose q + 8 = -6*k + 2*k, k + 3*q = -2. Let j = o - k. List the prime factors of j.
3
Let k = 22 - 11. Suppose -k = -2*o + 1. List the prime factors of o.
2, 3
Suppose l + 0*l = -5*r + 15, 0 = -4*r - 5*l + 12. List the prime factors of r.
3
Let m = 2 - 7. Let n = 14 + m. What are the prime factors of n?
3
List the prime factors of -64*(2/4 + -1).
2
What are the prime factors of 46/1 - (-12 - -15)?
43
Let f(d) = -d**3 - 3*d**2 + d**2 - d**2 + 3*d. Let v be f(-4). Suppose -2*a = v*w - 4*a - 56, -2*w + 3*a = -28. What are the prime factors of w?
2, 7
Suppose -7 = -5*h + 13. Suppose -d + 4*s = -22, 0 = -3*d - 2*s - h + 42. List the prime factors of d.
2, 7
Suppose -6*a + 300 = -a. List the prime factors of a.
2, 3, 5
List the prime factors of (32 - 2)*(-14)/(-21).
2, 5
Let d be -2 + 6/3 - -2. Suppose -9 = d*s - 51. List the prime factors of s.
3, 7
Let k(u) = -u**2 + 6*u - 3. Let w be k(5). Let x = 4 - w. Suppose -32 = -5*h + x*y, -h - 3*y = 4*h - 27. List the prime factors of h.
2, 3
Let s(q) = q + 9. Let z be (28/(-8))/((-1)/(-2)). Let r be s(z). Suppose 0 = -3*f - r*c + 15 + 28, 0 = 4*f - 2*c - 34. List the prime factors of f.
11
Let t be (-3 - (1 + 0))*-13. Let k = t - 27. What are the prime factors of k?
5
Suppose 0*d - i = -d + 37, 2*d = -3*i + 99. List the prime factors of d.
2, 3, 7
Let f(n) = 42*n - 2. Let i be f(3). Suppose 0 = 3*t - 4*h - i, -5*h = 2*t - 0*t - 52. What are the prime factors of t?
2, 3
Let x(s) = s**2 - 3*s + 3. Let u be x(3). Suppose -u*w + 0*w + 6 = 0. Suppose -2*g + 37 = w*g - 3*c, 0 = -5*c - 15. List the prime factors of g.
7
Let p = 11 - -5. List the prime factors of p.
2
Suppose 2*t - 5*t + 117 = 0. List the prime factors of t.
3, 13
Let u(g) = 3*g - 24. List the prime factors of u(14).
2, 3
Let d(k) = -3*k + 10. Let u be d(7). Let n = u + 20. List the prime factors of n.
3
Let k be 2 + -1 + 0 + 1. Suppose -4*j + 6*j - 10 = 0. Suppose 2*r + 1 = o, r + k*r = j*o - 19. List the prime factors of r.
2
Suppose -4*o + 54 = -2*r + 8, -3*o = r - 37. Suppose -t + o = -6. List the prime factors of t.
2, 3
Let w(z) = z**2 + 13*z + 5. What are the prime factors of w(-15)?
5, 7
Suppose -8*n = -3*n. Let a be 4*(n + -2 + 0). Let i = a - -11. List the prime factors of i.
3
Suppose 235 = 13*y - 1026. What are the prime factors of y?
97
Let l be (-1)/4*2*-8. Suppose l*i = 2*v - 14, 5 = v - 8*i + 4*i. Let y = 19 - v. List the prime factors of y.
2, 5
Let s(j) = -j**3 - j**2 + j + 1. Let z be s(-1). Let p(c) = -c**2 + c + 16. List the prime factors of p(z).
2
Suppose 0 = -3*j - 6, 24 = -0*r - r - 4*j. Let d = -40 + r. What are the prime factors of ((-42)/(-49))/((-2)/d)?
2, 3
Let b(l) = l**2 - 1. Let r be b(-7). Suppose 3*n = 8*n + 4*y - r, -2*y = -2*n + 12. List the prime factors of n.
2
Let j(b) = 7*b - 7. List the prime factors of j(7).
2, 3, 7
Let a = 0 - -6. Let o = 9 - a. Suppose 0 = -3*x + x - o*v + 3, x + 3*v = -6. List the prime factors of x.
3
Suppose l + 396 = 7*l. What are the prime factors of l?
2, 3, 11
Let c = -9 + 14. Suppose 0 = -c*l + 4*y + 202, -3*y + 12 = -7*y. What are the prime factors of l?
2, 19
Let y be (6/(-9))/(2/30). Let w be (2/4)/((-1)/(-44)). Let v = y + w. List the prime factors of v.
2, 3
Suppose 6*f + 88 = 496. List the prime factors of f.
2, 17
Let l(r) = -r - 30. Let t be l(-14). Suppose 6 + 42 = -2*b. Let v = t - b. List the prime factors of v.
2
Let d be ((-1)/3)/((-2)/6). Let c = d + -1. Let n = c + 2. What are the prime factors of n?
2
Suppose 2*a - 6*a = 4*j + 20, 0 = -3*a - 6. Let q be -6*2*1/j. Suppose -41 + 5 = -q*b. What are the prime factors of b?
3
Let x(z) = 25*z**3 + 2*z**2 - 4*z + 3. What are the prime factors of x(1)?
2, 13
Let w(p) = -34*p**3 - 2*p**2 - p. What are the prime factors of w(-1)?
3, 11
Let r be (-3)/2*104/(-6). Let m = r - 19. What are the prime factors of m?
7
Let u(m) = 3*m - 2 - 6 + 0. Let w be u(6). What are the prime factors of 42/w + (-1)/5?
2
Let f(z) = 2*z + z**2 - 3 + 0 + z**2. Let n(d) = d**3 + 13*d**2 + 13*d + 14. Let s be n(-12). What are the prime factors of f(s)?
3
Let v(r) = r + 1. Let z(x) = 8*x - x + 8 + 0. Let c(a) = 5*v(a) - z(a). What are the prime factors of c(-5)?
7
Let u = -5 + 7. Suppose -u*h = 2 - 28. What are the prime factors of h?
13
Suppose -2*h + 18 = h. Suppose -h = -l - l. Suppose -r + u = -l*u - 6, 24 = 2*r + 4*u. What are the prime factors of r?
2, 5
What are the prime factors of ((-8)/(-12))/(3/1161)?
2, 3, 43
Suppose 26 = -i - 4*x + 7, -5*x = 25. Let r be 3 + (1 - (i - 0)). Suppose -r*b + 8 = -22. List the prime factors of b.
2, 5
Let y(z) = 24*z + 24. Let u(h) = -h - 1. Let x(a) = -20*u(a) - y(a). Let n = -12 + 8. What are the prime factors of x(n)?
2, 3
Suppose 9 = g + 2*g. Let l(w) = 8*w - 1. Let i be l(g). What are the prime factors of i/7 + 4/(-14)?
3
Suppose -4*y + 2*y + n + 77 = 0, -5*y + n + 194 = 0. List the prime factors of y.
3, 13
Let h = 9 - 13. Let c(p) = -2*p - 2. What are the prime factors of c(h)?
2, 3
Let l(a) = a - 2*a - 2 - 3*a**2 + 2*a - 13*a**2 + a**3. List the prime factors of l(16).
2, 7
List the prime factors of (75 - -4) + 4 + -1.
2, 41
Let s = -1 + 43. List the prime factors of s.
2, 3, 7
Let g(z) = -z**3 + z + 1. Let n be g(0). Let x(u) = 62*u - 1. List the prime factors of x(n).
61
Let a(y) = -y**2 + 9*y + 12. Let s be a(10). Let t(g) = 5*g**2 + g - 2. What are the prime factors of t(s)?
2, 5
Suppose -3*x = 2*g + g - 339, 3*g - 2*x - 349 = 0. List the prime factors of g.
5, 23
List the prime factors of (-62*2/(-4))/(2/6).
3, 31
Let i(n) = -n**2 - 14*n - 10. Let s be i(-13). What are the prime factors of 3 - (12/s + -3)?
2
Suppose 0 = -2*m - 3 - 5. Let l be (m/((-12)/9))/1. Let z(q) = q**2 - q. What are the prime factors of z(l)?
2, 3
Suppose 8*n = 5*n - 30. Let p = n + 16. List the prime factors of p.
2, 3
Suppose 38 = 3*c + 4*q, -4 = 2*q - 4*q. Let j be ((-28)/c - -2)*-10. Suppose -4*u + 2 = 2*m - j*u, -m - 2 = -3*u. What are the prime factors of m?
7
Let k = 229 - 125. Let j = k + -74. Let g = j + -15. What are the prime factors of g?
3, 5
Let n(t) = -t - 3. What are the prime factors of n(-7)?
2
Suppose -1147 = -9*n + 734. What are the prime factors of n?
11, 19
